o - 648 + 1713. Suppose -1328 = -4*x - s. What is the hundreds digit of x?
2
Let c = -235 - -133. Let t = c + 155. What is the units digit of t?
3
Let p(j) = 2*j - 33. Let v be p(18). What is the units digit of (-201)/(-7) - v*(-12)/126?
9
Let l(r) = 2*r + r + 0*r**2 + 5*r**2 - 9*r + r**3 + 4. Let m be l(-6). Suppose -m*t = -3*q + 11, -5*q + 31 = 2*t + 4. What is the units digit of q?
5
What is the tens digit of (-7162)/(-9) - (1 - (-77)/(-63))?
9
Let y be (-5 + 3)/(2/(-345)). Suppose 0*o + 4*l = 2*o - 166, -4*o - 5*l = -y. What is the units digit of o?
5
Suppose 2*u = 1270 + 426. Let s = -525 + u. What is the tens digit of s?
2
Let m(x) = 2*x - 5. Let u(a) = a + 1. Let l(q) = -m(q) - 4*u(q). Suppose 4 + 14 = -3*b. What is the units digit of l(b)?
7
Let x = 86 + -76. Suppose 2*y - 4*y = -x, -s - 4*y + 81 = 0. What is the units digit of s?
1
Suppose 16 = 4*f - 5*z, -5*f + 20 = -z - z. Let v be (-24)/84 + f/14. Let s(j) = j**2 + j + 32. What is the tens digit of s(v)?
3
Suppose -3*c - 4*i + 41 = 0, i + 0*i = -3*c + 26. Let z = 91 + c. What is the units digit of z?
8
Let q = -2302 - -4430. What is the thousands digit of q?
2
Suppose 0 = -2*o - x + 10, -5*o + 6*o = 2*x. Suppose 19 = -5*m - 5*a + 404, -a = o. What is the units digit of m?
1
Suppose 0 = -r + 2*z + 4258, r = -3*z - 1059 + 5332. What is the hundreds digit of r?
2
What is the hundreds digit of ((693550/(-15))/(-26))/((-1)/(-3))?
3
Let w = -199 - -1761. What is the units digit of w?
2
Suppose 7036 = 4*v + 4*m, -2*v + v + 1747 = -3*m. What is the tens digit of v?
5
Suppose -6*p = -422 - 340. Let o = p - 37. What is the units digit of o?
0
Let v = 12 + -3. Suppose 21 = -3*z + 4*p + 4, 2*z = -p + 7. What is the units digit of v/z - 3/1?
6
Suppose -2*s + 6*s = -2*b - 8, -17 = -2*b + s. What is the tens digit of ((-5)/b)/(2/(-60))?
2
Let g(p) = p. Let s be g(4). Suppose -5*i = 103 - 413. Suppose -5*k - 44 = -3*a, -s*a = a + 3*k - i. What is the tens digit of a?
1
Let v = -37 + 37. Suppose 3*r - 2*p - 192 = -0*r, v = p + 3. What is the tens digit of r?
6
Suppose -k - 5*p + 2 = 0, 0 = -3*k - 3*p + 3 + 3. Suppose m + n + 3*n - 18 = 0, 5*m - 3*n = -k. Suppose -m*d = -12 - 18. What is the tens digit of d?
1
Let x(u) = u**2 + 10*u - 11. Let n be x(-11). Let p = 116 - n. What is the tens digit of p?
1
Let q = 11 - 16. Let g = q + 5. Suppose v = -0*b + 2*b + 26, g = -2*b. What is the tens digit of v?
2
Suppose -37*o = -29*o - 25960. What is the hundreds digit of o?
2
Suppose -4 = -2*f - 3*u + 152, 0 = -5*u + 20. Let j = f + -13. Suppose 5*h = 116 + j. What is the tens digit of h?
3
What is the hundreds digit of (908/(-16))/(3/(-72))?
3
Suppose -2*a - 8*d + 6*d = 2, 3*d - 1 = -5*a. Suppose -3*p + 3*r = -a*r + 39, 2*p + 2*r + 42 = 0. What is the tens digit of 28*(-3)/(p/15)?
7
Suppose 145*m - 638 = 123*m. What is the units digit of m?
9
Let y(k) = -k**3 - 16*k**2 + 17*k - 11. Let a be y(-17). Let s(p) = p**2 - p - 2. What is the units digit of s(a)?
0
Let f(v) = -v**2 - 15*v - 13. Let y = -23 + 20. Let g be 1/3 + 28/y. What is the units digit of f(g)?
1
Suppose 0 = -15*x + 20205 + 3315. What is the thousands digit of x?
1
Suppose 689 + 223 = 6*k. Let l = k + 2. What is the hundreds digit of l?
1
Let c(k) = -k**2 + 7*k + 6. Let j be c(6). Let a = j - 6. Let v = a + 2. What is the units digit of v?
8
What is the units digit of (76/6 + 2)*228/8?
8
Let b = 121 + -75. Suppose d = 2*h - d - 74, h - 4*d - b = 0. What is the units digit of h?
4
Suppose -3*p = -0*p + 33. Let t(b) = -3*b - 15. What is the tens digit of t(p)?
1
Let f(a) = -31*a**2 + a - 5. Let h be f(3). Let z = -197 - h. What is the units digit of z?
4
Suppose 4*x + 1666 = 2*w, 12*w - 11*w - 842 = 5*x. What is the units digit of w?
7
What is the hundreds digit of (-28 - -1402)*1/2?
6
Suppose 7760 = 2*j + 4*w, 5*j - 4*w = 20182 - 768. What is the thousands digit of j?
3
Suppose 936 = 2*b + 2*r, -r = -5*b - 2*b + 3284. What is the units digit of b?
9
Suppose 2*x + 2*g - 5326 = 0, 4*g = -x - 363 + 3026. What is the units digit of x?
3
Suppose 5*s - 812 = -3*d, -8*d - 1372 = -13*d + s. What is the hundreds digit of d?
2
Let g(m) = -12*m + 51 - 26 - 23 + 5*m**2. What is the units digit of g(6)?
0
Suppose 4*b - 5*s - 2457 = 0, 0*b + 2437 = 4*b - s. Suppose -19*h = -15*h - b. What is the units digit of h?
2
Suppose w = 5*j - 38, -28 = -5*j + 3*w + 6. Suppose 3*m - 4*x = 12, 4*m = -3*x + 8 + j. Suppose -30 = m*o - 6*o. What is the units digit of o?
5
Suppose 4*b - 2213 - 267 = 0. What is the tens digit of b?
2
Suppose -2*a - 4 = -0. Let l(n) = 6*n**2 + 5*n + 4. Let t be l(a). Suppose -t = -o + 12. What is the tens digit of o?
3
Suppose -6*j = -2072 - 286. What is the hundreds digit of j?
3
Let d be (-3 - 60/(-25))*-35. What is the tens digit of (1 + d/(-15))/(1/(-160))?
6
Let c be (-3)/(-6) + (-34)/4. Let d be 0*(-3 - 20/c). Suppose -3*v + d*v = -81. What is the units digit of v?
7
Let k be 4*-1 + (1 - 1). What is the units digit of k/10 - (-434)/10?
3
Let o be (-6 - -3)/(6/(-4)). Let g(q) = -q**3 - 2*q**2 + 4*q - 1. Let a be g(-3). What is the tens digit of a - (o/(-1) + -35)?
3
Suppose 12*n - 640 = 4*n. Suppose -5*m + n + 175 = 0. What is the tens digit of m?
5
Let r = -325 + 606. What is the units digit of r?
1
What is the hundreds digit of ((-660)/8)/(3/(-30))?
8
Suppose 2*w - 5*x - 319 = 0, 0 = 5*w - 5*x - 733 - 87. Suppose 4*i = -0*i - 5*p + w, -68 = -i + 4*p. What is the units digit of i?
8
Let x(k) = 3*k**3 + 4*k**3 + 5*k**3 - 3*k**2 - 11*k**3 + 3. Let f be x(5). Let m = 82 - f. What is the tens digit of m?
2
What is the hundreds digit of 490 - (3 + -1)/(2/(-1))?
4
Let z(n) = 13*n - 3*n**2 - 2*n**2 + 12 - 6*n**2 + n**3. What is the tens digit of z(10)?
4
Let s = 156 - 158. What is the units digit of (-14)/(((s - 1) + 4)*-2)?
7
What is the hundreds digit of (-1)/(-4) - ((-215441)/76 + 22)?
8
Suppose 5*u - 3521 + 696 = 0. What is the tens digit of u?
6
Suppose 0 = -d - 2*l + l + 9, -3*l = -5*d + 29. Suppose -6*h + d = -101. What is the units digit of h?
8
Suppose 11 = 3*h - 1, 2 = -3*t - 4*h. Let q be (-8)/t + (-8)/(-12). Suppose -2*g - 4*w = -8, -5*w = q*g - 2 - 3. What is the tens digit of g?
1
Suppose 115*v = 112*v + 297. Suppose -405 = 94*b - v*b. What is the tens digit of b?
8
Let n = -19 - -17. Suppose 4*d - 2*m = -24, 4*m - 6 = 2*d - d. What is the units digit of (-406)/d - n/(-3)?
7
Suppose 0 = -17*x - 5*x + 132. Let s be (8/(-6))/(1/(-3)). Suppose -s*w = -166 + x. What is the tens digit of w?
4
Let p(i) be the first derivative of i**3/3 + 5*i**2/2 + 5*i + 143. Suppose 3*k + 3*g + 27 = 0, 2*k + g = -28 + 10. What is the tens digit of p(k)?
4
Let k(z) = 5*z - 8. Let u be k(6). Let n be -2*((2 - -1) + -2 + 0). What is the units digit of u + -1 + 2 + n?
1
Let j be (-4)/12 - 158/(-6). Let v = 69 - j. What is the tens digit of v?
4
Suppose 3*j + 150 = z, -j - 429 = -3*z + j. What is the units digit of z?
1
Suppose -2*o + c - 17 = 0, -4*c = -0*c + 4. Let k = o + 28. What is the tens digit of k?
1
Suppose x + 2*g = 2, x = -2*x - 4*g + 6. What is the units digit of (-3)/12 + x/((-24)/(-1035))?
6
Let s(t) be the third derivative of -1/3*t**3 + 1/30*t**5 - 7/120*t**6 + 3*t**2 + 1/12*t**4 + 0 + 0*t. What is the units digit of s(-2)?
8
Let l(m) = -11*m**3 - m + 1. Let c be l(1). Let p be (-29 - c) + (-1 - -1). Let z = 21 + p. What is the units digit of z?
3
What is the tens digit of (28 - 29)/(1/(-16))?
1
Let k = 8 - 0. Suppose -t + u + k = 4*u, 3*u = 3. Suppose 0 = t*m - 40 - 10. What is the units digit of m?
0
Let g(z) = -1380*z + 4. Let x be g(-1). Suppose 13*v = x + 46. What is the units digit of v?
0
Let h(q) = -9 + 6 + 3 - 2*q + 3*q**2 + 7. Let w be h(7). What is the tens digit of w/(-6)*36/(-24)?
3
Let v(w) = w**3 + 8*w**2 + 7*w + 4. Let h be v(-7). Let q be ((-35)/(-70))/(1/6). Suppose q*x - 20 = h. What is the units digit of x?
8
Suppose w - 2*f + 8 = -0*w, 0 = 4*w + 2*f + 32. Let a(j) = j**2 - 2*j + 3. What is the units digit of a(w)?
3
Let u = -24 + 29. Suppose -u*b - 11 = -3*d, 0 = 3*b + 3 - 18. What is the units digit of d?
2
Let t(g) = -g**2 + 7*g - 6. Let j be t(5). Let h be -8 - 12/((-16)/j). What is the units digit of 2/h + 84/10?
8
Let q be 7/((-70)/4) + (-767)/(-5). Let l = 296 - q. What is the units digit of l?
3
Let b = 3 - 